{"id":11165,"date":"2022-02-07T16:59:18","date_gmt":"2022-02-07T15:59:18","guid":{"rendered":"https:\/\/www.chambredefan.com\/product\/robe-midi-olive-en-laine-merinos-melangee-torsadee-avec-echarpe\/"},"modified":"2025-08-16T23:09:47","modified_gmt":"2025-08-16T21:09:47","slug":"robe-midi-olive-en-laine-merinos-melangee-torsadee-avec-echarpe","status":"publish","type":"product","link":"https:\/\/www.chambredefan.com\/fr\/produit-fr\/robe-midi-olive-en-laine-merinos-melangee-torsadee-avec-echarpe\/","title":{"rendered":"ROBE MIDI OLIVE EN LAINE M\u00c9RINOS M\u00c9LANG\u00c9E TORSAD\u00c9E AVEC \u00c9CHARPE"},"content":{"rendered":"<div class=\"wpb-content-wrapper\"><p>[vc_row][vc_column][vc_column_text]<\/p>\n<p>Robe Midi Olive En Laine M\u00e9rinos M\u00e9lang\u00e9e Torsad\u00e9e Avec \u00c9charpe<br \/>\nLe mannequin mesure 174cm et porte une taille S<\/p>\n<p>[\/vc_column_text][\/vc_column][\/vc_row]<\/p>\n<\/div>","protected":false},"excerpt":{"rendered":"<p>[vc_row][vc_column][vc_column_text] Robe Midi Olive En Laine M\u00e9rinos M\u00e9lang\u00e9e Torsad\u00e9e Avec \u00c9charpe Le mannequin mesure 174cm et porte une taille S [\/vc_column_text][\/vc_column][\/vc_row]<\/p>\n","protected":false},"featured_media":11006,"template":"","meta":[],"product_brand":[],"product_cat":[439,436,369],"product_tag":[],"class_list":{"0":"post-11165","1":"product","2":"type-product","3":"status-publish","4":"has-post-thumbnail","6":"product_cat-essentiel-femme-tout-le-pret-a-porter","7":"product_cat-essentiel-femme-robes","8":"product_cat-femme-soldes","10":"first","11":"instock","12":"taxable","13":"shipping-taxable","14":"purchasable","15":"product-type-variable"},"etheme_brands":{"errors":{"invalid_taxonomy":["Taxonomie non valide."]},"error_data":[]},"_links":{"self":[{"href":"https:\/\/www.chambredefan.com\/fr\/wp-json\/wp\/v2\/product\/11165","targetHints":{"allow":["GET"]}}],"collection":[{"href":"https:\/\/www.chambredefan.com\/fr\/wp-json\/wp\/v2\/product"}],"about":[{"href":"https:\/\/www.chambredefan.com\/fr\/wp-json\/wp\/v2\/types\/product"}],"wp:featuredmedia":[{"embeddable":true,"href":"https:\/\/www.chambredefan.com\/fr\/wp-json\/wp\/v2\/media\/11006"}],"wp:attachment":[{"href":"https:\/\/www.chambredefan.com\/fr\/wp-json\/wp\/v2\/media?parent=11165"}],"wp:term":[{"taxonomy":"product_brand","embeddable":true,"href":"https:\/\/www.chambredefan.com\/fr\/wp-json\/wp\/v2\/product_brand?post=11165"},{"taxonomy":"product_cat","embeddable":true,"href":"https:\/\/www.chambredefan.com\/fr\/wp-json\/wp\/v2\/product_cat?post=11165"},{"taxonomy":"product_tag","embeddable":true,"href":"https:\/\/www.chambredefan.com\/fr\/wp-json\/wp\/v2\/product_tag?post=11165"}],"curies":[{"name":"wp","href":"https:\/\/api.w.org\/{rel}","templated":true}]}}

ROBE MIDI OLIVE EN LAINE MÉRINOS MÉLANGÉE TORSADÉE AVEC ÉCHARPE

<div class="wpb-content-wrapper"><p>[vc_row][vc_column][vc_column_text]</p>
<p>Robe Midi Olive En Laine Mérinos Mélangée Torsadée Avec Écharpe<br />
Le mannequin mesure 174cm et porte une taille S</p>
<p>[/vc_column_text][/vc_column][/vc_row]</p>
</div>

<p>[vc_row][vc_column][vc_column_text] Robe Midi Olive En Laine Mérinos Mélangée Torsadée Avec Écharpe Le mannequin mesure 174cm et porte une taille S [/vc_column_text][/vc_column][/vc_row]</p>
