{"id":13534,"date":"2022-06-01T19:05:30","date_gmt":"2022-06-01T18:05:30","guid":{"rendered":"https:\/\/www.chambredefan.com\/product\/robe-mousse-cotelee-degrade-bicolore\/"},"modified":"2025-08-16T23:18:27","modified_gmt":"2025-08-16T21:18:27","slug":"robe-mousse-cotelee-degrade-bicolore","status":"publish","type":"product","link":"https:\/\/www.chambredefan.com\/fr\/produit-fr\/robe-mousse-cotelee-degrade-bicolore\/","title":{"rendered":"ROBE MOUSSE C\u00d4TEL\u00c9E D\u00c9GRAD\u00c9 BICOLORE"},"content":{"rendered":"<div class=\"wpb-content-wrapper\"><p>[vc_row][vc_column][vc_column_text]<\/p>\n<p>Robe Mousse C\u00f4tel\u00e9e D\u00e9grad\u00e9 Bicolore<br \/>\nLe mannequin mesure 175cm et porte une taille S<\/p>\n<p>[\/vc_column_text][\/vc_column][\/vc_row]<\/p>\n<\/div>","protected":false},"excerpt":{"rendered":"<p>[vc_row][vc_column][vc_column_text] Robe Mousse C\u00f4tel\u00e9e D\u00e9grad\u00e9 Bicolore Le mannequin mesure 175cm et porte une taille S [\/vc_column_text][\/vc_column][\/vc_row]<\/p>\n","protected":false},"featured_media":13779,"template":"","meta":[],"product_brand":[],"product_cat":[439,436,369],"product_tag":[],"class_list":{"0":"post-13534","1":"product","2":"type-product","3":"status-publish","4":"has-post-thumbnail","6":"product_cat-essentiel-femme-tout-le-pret-a-porter","7":"product_cat-essentiel-femme-robes","8":"product_cat-femme-soldes","10":"first","11":"instock","12":"taxable","13":"shipping-taxable","14":"purchasable","15":"product-type-variable"},"etheme_brands":{"errors":{"invalid_taxonomy":["Taxonomie non valide."]},"error_data":[]},"_links":{"self":[{"href":"https:\/\/www.chambredefan.com\/fr\/wp-json\/wp\/v2\/product\/13534","targetHints":{"allow":["GET"]}}],"collection":[{"href":"https:\/\/www.chambredefan.com\/fr\/wp-json\/wp\/v2\/product"}],"about":[{"href":"https:\/\/www.chambredefan.com\/fr\/wp-json\/wp\/v2\/types\/product"}],"wp:featuredmedia":[{"embeddable":true,"href":"https:\/\/www.chambredefan.com\/fr\/wp-json\/wp\/v2\/media\/13779"}],"wp:attachment":[{"href":"https:\/\/www.chambredefan.com\/fr\/wp-json\/wp\/v2\/media?parent=13534"}],"wp:term":[{"taxonomy":"product_brand","embeddable":true,"href":"https:\/\/www.chambredefan.com\/fr\/wp-json\/wp\/v2\/product_brand?post=13534"},{"taxonomy":"product_cat","embeddable":true,"href":"https:\/\/www.chambredefan.com\/fr\/wp-json\/wp\/v2\/product_cat?post=13534"},{"taxonomy":"product_tag","embeddable":true,"href":"https:\/\/www.chambredefan.com\/fr\/wp-json\/wp\/v2\/product_tag?post=13534"}],"curies":[{"name":"wp","href":"https:\/\/api.w.org\/{rel}","templated":true}]}}

ROBE MOUSSE CÔTELÉE DÉGRADÉ BICOLORE

<div class="wpb-content-wrapper"><p>[vc_row][vc_column][vc_column_text]</p>
<p>Robe Mousse Côtelée Dégradé Bicolore<br />
Le mannequin mesure 175cm et porte une taille S</p>
<p>[/vc_column_text][/vc_column][/vc_row]</p>
</div>

<p>[vc_row][vc_column][vc_column_text] Robe Mousse Côtelée Dégradé Bicolore Le mannequin mesure 175cm et porte une taille S [/vc_column_text][/vc_column][/vc_row]</p>
