{"id":13895,"date":"2022-06-28T17:33:56","date_gmt":"2022-06-28T16:33:56","guid":{"rendered":"https:\/\/www.chambredefan.com\/product\/serie-imprime-a-la-main-robe-asymetrique-verte-militaire-en-jacquard-3d-a-ornement-fleur-en-metal\/"},"modified":"2025-08-16T23:20:25","modified_gmt":"2025-08-16T21:20:25","slug":"serie-dessinee-a-la-main-robe-asymetrique-verte-militaire-en-jacquard-3d-a-ornement-fleur-en-metal","status":"publish","type":"product","link":"https:\/\/www.chambredefan.com\/fr\/produit-fr\/serie-dessinee-a-la-main-robe-asymetrique-verte-militaire-en-jacquard-3d-a-ornement-fleur-en-metal\/","title":{"rendered":"\u3010S\u00c9RIE DESSIN\u00c9E \u00c0 LA MAIN\u3011ROBE ASYM\u00c9TRIQUE VERTE MILITAIRE EN JACQUARD 3D \u00c0 ORNEMENT FLEUR EN M\u00c9TAL"},"content":{"rendered":"<div class=\"wpb-content-wrapper\"><p>[vc_row][vc_column][vc_column_text]<\/p>\n<p>\u3010S\u00e9rie Dessin\u00e9e \u00c0 La Main\u3011Robe Asym\u00e9trique Verte Militaire En Jacquard 3D \u00c0 Ornement Fleur En M\u00e9tal<br \/>\nLe mannequin mesure 175cm et porte une taille S<\/p>\n<p>&nbsp;<\/p>\n<p>Fabriqu\u00e9 en Italie<\/p>\n<p>[\/vc_column_text][\/vc_column][\/vc_row]<\/p>\n<\/div>","protected":false},"excerpt":{"rendered":"<p>[vc_row][vc_column][vc_column_text] \u3010S\u00e9rie Dessin\u00e9e \u00c0 La Main\u3011Robe Asym\u00e9trique Verte Militaire En Jacquard 3D \u00c0 Ornement Fleur En M\u00e9tal Le mannequin mesure 175cm et porte une taille S &nbsp; Fabriqu\u00e9 en Italie [\/vc_column_text][\/vc_column][\/vc_row]<\/p>\n","protected":false},"featured_media":13803,"template":"","meta":[],"product_brand":[],"product_cat":[120,378,369],"product_tag":[],"class_list":{"0":"post-13895","1":"product","2":"type-product","3":"status-publish","4":"has-post-thumbnail","6":"product_cat-femme-robes","7":"product_cat-femme-tout-le-pret-a-porter","8":"product_cat-femme-soldes","10":"first","11":"instock","12":"taxable","13":"shipping-taxable","14":"purchasable","15":"product-type-variable"},"etheme_brands":{"errors":{"invalid_taxonomy":["Taxonomie non valide."]},"error_data":[]},"_links":{"self":[{"href":"https:\/\/www.chambredefan.com\/fr\/wp-json\/wp\/v2\/product\/13895","targetHints":{"allow":["GET"]}}],"collection":[{"href":"https:\/\/www.chambredefan.com\/fr\/wp-json\/wp\/v2\/product"}],"about":[{"href":"https:\/\/www.chambredefan.com\/fr\/wp-json\/wp\/v2\/types\/product"}],"wp:featuredmedia":[{"embeddable":true,"href":"https:\/\/www.chambredefan.com\/fr\/wp-json\/wp\/v2\/media\/13803"}],"wp:attachment":[{"href":"https:\/\/www.chambredefan.com\/fr\/wp-json\/wp\/v2\/media?parent=13895"}],"wp:term":[{"taxonomy":"product_brand","embeddable":true,"href":"https:\/\/www.chambredefan.com\/fr\/wp-json\/wp\/v2\/product_brand?post=13895"},{"taxonomy":"product_cat","embeddable":true,"href":"https:\/\/www.chambredefan.com\/fr\/wp-json\/wp\/v2\/product_cat?post=13895"},{"taxonomy":"product_tag","embeddable":true,"href":"https:\/\/www.chambredefan.com\/fr\/wp-json\/wp\/v2\/product_tag?post=13895"}],"curies":[{"name":"wp","href":"https:\/\/api.w.org\/{rel}","templated":true}]}}

【SÉRIE DESSINÉE À LA MAIN】ROBE ASYMÉTRIQUE VERTE MILITAIRE EN JACQUARD 3D À ORNEMENT FLEUR EN MÉTAL

<div class="wpb-content-wrapper"><p>[vc_row][vc_column][vc_column_text]</p>
<p>【Série Dessinée À La Main】Robe Asymétrique Verte Militaire En Jacquard 3D À Ornement Fleur En Métal<br />
Le mannequin mesure 175cm et porte une taille S</p>
<p>&nbsp;</p>
<p>Fabriqué en Italie</p>
<p>[/vc_column_text][/vc_column][/vc_row]</p>
</div>

<p>[vc_row][vc_column][vc_column_text] 【Série Dessinée À La Main】Robe Asymétrique Verte Militaire En Jacquard 3D À Ornement Fleur En Métal Le mannequin mesure 175cm et porte une taille S &nbsp; Fabriqué en Italie [/vc_column_text][/vc_column][/vc_row]</p>
