{"id":14678,"date":"2022-12-13T18:09:25","date_gmt":"2022-12-13T17:09:25","guid":{"rendered":"https:\/\/www.chambredefan.com\/product\/jupe-asymetrique-avec-imprime-devore\/"},"modified":"2025-08-16T23:21:11","modified_gmt":"2025-08-16T21:21:11","slug":"jupe-olive-asymetrique-avec-imprime-devore","status":"publish","type":"product","link":"https:\/\/www.chambredefan.com\/fr\/produit-fr\/jupe-olive-asymetrique-avec-imprime-devore\/","title":{"rendered":"JUPE OLIVE ASYM\u00c9TRIQUE AVEC IMPRIM\u00c9 D\u00c9VOR\u00c9"},"content":{"rendered":"<div class=\"wpb-content-wrapper\"><p>[vc_row][vc_column][vc_column_text]<\/p>\n<p>Jupe Olive Asym\u00e9trique Avec Imprim\u00e9 D\u00e9vor\u00e9<br \/>\nLe mannequin mesure 175cm et porte une taille S<\/p>\n<p>&nbsp;<\/p>\n<p style=\"text-align: justify;\">Cette jupe c\u00f4tel\u00e9e longueur genoux est chaude et confortable, avec des panneaux assembl\u00e9s entre eux qui cr\u00e9ent un effet de d\u00e9calage et d&#8217;ourlet asym\u00e9trique, avec une ceinture \u00e9lastiqu\u00e9e sous bord-c\u00f4tes, avec tout \u00e0 la fois des zones fonc\u00e9es et des zones claires gr\u00e2ce au proc\u00e9d\u00e9 d&#8217;impression par d\u00e9vor\u00e9. Bords effiloch\u00e9s\u00a0\u00e0 la main.<\/p>\n<p>&nbsp;<\/p>\n<p>Maille fine<\/p>\n<p>&nbsp;<\/p>\n<p>Fabriqu\u00e9 en Italie<\/p>\n<p>[\/vc_column_text][\/vc_column][\/vc_row]<\/p>\n<\/div>","protected":false},"excerpt":{"rendered":"<p>[vc_row][vc_column][vc_column_text] Jupe Olive Asym\u00e9trique Avec Imprim\u00e9 D\u00e9vor\u00e9 Le mannequin mesure 175cm et porte une taille S &nbsp; Cette jupe c\u00f4tel\u00e9e longueur genoux est chaude et confortable, avec des panneaux assembl\u00e9s entre eux qui cr\u00e9ent un effet de d\u00e9calage et d&#8217;ourlet asym\u00e9trique, avec une ceinture \u00e9lastiqu\u00e9e&#8230;<\/p>\n","protected":false},"featured_media":15525,"template":"","meta":[],"product_brand":[],"product_cat":[129,378],"product_tag":[],"class_list":{"0":"post-14678","1":"product","2":"type-product","3":"status-publish","4":"has-post-thumbnail","6":"product_cat-femme-jupes","7":"product_cat-femme-tout-le-pret-a-porter","9":"first","10":"instock","11":"taxable","12":"shipping-taxable","13":"purchasable","14":"product-type-variable"},"etheme_brands":{"errors":{"invalid_taxonomy":["Taxonomie non valide."]},"error_data":[]},"_links":{"self":[{"href":"https:\/\/www.chambredefan.com\/fr\/wp-json\/wp\/v2\/product\/14678","targetHints":{"allow":["GET"]}}],"collection":[{"href":"https:\/\/www.chambredefan.com\/fr\/wp-json\/wp\/v2\/product"}],"about":[{"href":"https:\/\/www.chambredefan.com\/fr\/wp-json\/wp\/v2\/types\/product"}],"wp:featuredmedia":[{"embeddable":true,"href":"https:\/\/www.chambredefan.com\/fr\/wp-json\/wp\/v2\/media\/15525"}],"wp:attachment":[{"href":"https:\/\/www.chambredefan.com\/fr\/wp-json\/wp\/v2\/media?parent=14678"}],"wp:term":[{"taxonomy":"product_brand","embeddable":true,"href":"https:\/\/www.chambredefan.com\/fr\/wp-json\/wp\/v2\/product_brand?post=14678"},{"taxonomy":"product_cat","embeddable":true,"href":"https:\/\/www.chambredefan.com\/fr\/wp-json\/wp\/v2\/product_cat?post=14678"},{"taxonomy":"product_tag","embeddable":true,"href":"https:\/\/www.chambredefan.com\/fr\/wp-json\/wp\/v2\/product_tag?post=14678"}],"curies":[{"name":"wp","href":"https:\/\/api.w.org\/{rel}","templated":true}]}}

JUPE OLIVE ASYMÉTRIQUE AVEC IMPRIMÉ DÉVORÉ

<div class="wpb-content-wrapper"><p>[vc_row][vc_column][vc_column_text]</p>
<p>Jupe Olive Asymétrique Avec Imprimé Dévoré<br />
Le mannequin mesure 175cm et porte une taille S</p>
<p>&nbsp;</p>
<p style="text-align: justify;">Cette jupe côtelée longueur genoux est chaude et confortable, avec des panneaux assemblés entre eux qui créent un effet de décalage et d&#8217;ourlet asymétrique, avec une ceinture élastiquée sous bord-côtes, avec tout à la fois des zones foncées et des zones claires grâce au procédé d&#8217;impression par dévoré. Bords effilochés à la main.</p>
<p>&nbsp;</p>
<p>Maille fine</p>
<p>&nbsp;</p>
<p>Fabriqué en Italie</p>
<p>[/vc_column_text][/vc_column][/vc_row]</p>
</div>

<p>[vc_row][vc_column][vc_column_text] Jupe Olive Asymétrique Avec Imprimé Dévoré Le mannequin mesure 175cm et porte une taille S &nbsp; Cette jupe côtelée longueur genoux est chaude et confortable, avec des panneaux assemblés entre eux qui créent un effet de décalage et d&#8217;ourlet asymétrique, avec une ceinture élastiquée&#8230;</p>
