{"id":14717,"date":"2022-12-13T18:46:57","date_gmt":"2022-12-13T17:46:57","guid":{"rendered":"https:\/\/www.chambredefan.com\/product\/top-rouge-avec-imprime-devore\/"},"modified":"2025-08-16T23:22:04","modified_gmt":"2025-08-16T21:22:04","slug":"top-rouge-avec-imprime-devore","status":"publish","type":"product","link":"https:\/\/www.chambredefan.com\/fr\/produit-fr\/top-rouge-avec-imprime-devore\/","title":{"rendered":"TOP ROUGE AVEC IMPRIM\u00c9 D\u00c9VOR\u00c9"},"content":{"rendered":"<div class=\"wpb-content-wrapper\"><p>[vc_row][vc_column][vc_column_text]<\/p>\n<p>Top Rouge Avec Imprim\u00e9 D\u00e9vor\u00e9<br \/>\nLe mannequin mesure 175cm et porte une taille S<\/p>\n<p>&nbsp;<\/p>\n<p style=\"text-align: justify;\">Ce top col roul\u00e9 d\u00e9licat offre tout \u00e0 la fois des zones transparentes et des zones opaques gr\u00e2ce au proc\u00e9d\u00e9 d&#8217;impression par d\u00e9vor\u00e9, avec des finitions bord-c\u00f4tes et trou pour le pouce aux manches.<\/p>\n<p>&nbsp;<\/p>\n<p>Maille fine<\/p>\n<p>&nbsp;<\/p>\n<p>Fabriqu\u00e9 en Italie<\/p>\n<p>[\/vc_column_text][\/vc_column][\/vc_row]<\/p>\n<\/div>","protected":false},"excerpt":{"rendered":"<p>[vc_row][vc_column][vc_column_text] Top Rouge Avec Imprim\u00e9 D\u00e9vor\u00e9 Le mannequin mesure 175cm et porte une taille S &nbsp; Ce top col roul\u00e9 d\u00e9licat offre tout \u00e0 la fois des zones transparentes et des zones opaques gr\u00e2ce au proc\u00e9d\u00e9 d&#8217;impression par d\u00e9vor\u00e9, avec des finitions bord-c\u00f4tes et trou&#8230;<\/p>\n","protected":false},"featured_media":15552,"template":"","meta":[],"product_brand":[],"product_cat":[176,378],"product_tag":[],"class_list":{"0":"post-14717","1":"product","2":"type-product","3":"status-publish","4":"has-post-thumbnail","6":"product_cat-femme-tops-t-shirts","7":"product_cat-femme-tout-le-pret-a-porter","9":"first","10":"instock","11":"taxable","12":"shipping-taxable","13":"purchasable","14":"product-type-variable"},"etheme_brands":{"errors":{"invalid_taxonomy":["Taxonomie non valide."]},"error_data":[]},"_links":{"self":[{"href":"https:\/\/www.chambredefan.com\/fr\/wp-json\/wp\/v2\/product\/14717","targetHints":{"allow":["GET"]}}],"collection":[{"href":"https:\/\/www.chambredefan.com\/fr\/wp-json\/wp\/v2\/product"}],"about":[{"href":"https:\/\/www.chambredefan.com\/fr\/wp-json\/wp\/v2\/types\/product"}],"wp:featuredmedia":[{"embeddable":true,"href":"https:\/\/www.chambredefan.com\/fr\/wp-json\/wp\/v2\/media\/15552"}],"wp:attachment":[{"href":"https:\/\/www.chambredefan.com\/fr\/wp-json\/wp\/v2\/media?parent=14717"}],"wp:term":[{"taxonomy":"product_brand","embeddable":true,"href":"https:\/\/www.chambredefan.com\/fr\/wp-json\/wp\/v2\/product_brand?post=14717"},{"taxonomy":"product_cat","embeddable":true,"href":"https:\/\/www.chambredefan.com\/fr\/wp-json\/wp\/v2\/product_cat?post=14717"},{"taxonomy":"product_tag","embeddable":true,"href":"https:\/\/www.chambredefan.com\/fr\/wp-json\/wp\/v2\/product_tag?post=14717"}],"curies":[{"name":"wp","href":"https:\/\/api.w.org\/{rel}","templated":true}]}}

TOP ROUGE AVEC IMPRIMÉ DÉVORÉ

<div class="wpb-content-wrapper"><p>[vc_row][vc_column][vc_column_text]</p>
<p>Top Rouge Avec Imprimé Dévoré<br />
Le mannequin mesure 175cm et porte une taille S</p>
<p>&nbsp;</p>
<p style="text-align: justify;">Ce top col roulé délicat offre tout à la fois des zones transparentes et des zones opaques grâce au procédé d&#8217;impression par dévoré, avec des finitions bord-côtes et trou pour le pouce aux manches.</p>
<p>&nbsp;</p>
<p>Maille fine</p>
<p>&nbsp;</p>
<p>Fabriqué en Italie</p>
<p>[/vc_column_text][/vc_column][/vc_row]</p>
</div>

<p>[vc_row][vc_column][vc_column_text] Top Rouge Avec Imprimé Dévoré Le mannequin mesure 175cm et porte une taille S &nbsp; Ce top col roulé délicat offre tout à la fois des zones transparentes et des zones opaques grâce au procédé d&#8217;impression par dévoré, avec des finitions bord-côtes et trou&#8230;</p>
