{"id":17394,"date":"2023-05-17T14:50:32","date_gmt":"2023-05-17T13:50:32","guid":{"rendered":"https:\/\/www.chambredefan.com\/product\/short-mitimo-s-rose\/"},"modified":"2025-08-16T23:31:55","modified_gmt":"2025-08-16T21:31:55","slug":"short-mitimo-s-rose","status":"publish","type":"product","link":"https:\/\/www.chambredefan.com\/fr\/produit-fr\/short-mitimo-s-rose\/","title":{"rendered":"SHORT MITIMO.S"},"content":{"rendered":"<div class=\"wpb-content-wrapper\"><p>[vc_row][vc_column][vc_column_text]Short Rose Brod\u00e9 En Coton Supima<br \/>\nLe mannequin mesure 175cm et porte une taille S<\/p>\n<p>&nbsp;<\/p>\n<p style=\"text-align: justify;\">Ce short sont est compos\u00e9 \u00e0 100% en coton pima, ce qui vous assure confort et qualit\u00e9. L&#8217;ourlet du short est orn\u00e9 de d\u00e9licats volants, et il y a une broderie de chaton \u00e0 l&#8217;ourlet. La taille pr\u00e9sente un effet de volant effiloch\u00e9, vous procurant une sensation d\u00e9contract\u00e9e et ludique.<\/p>\n<p>&nbsp;<\/p>\n<p>Fabriqu\u00e9 en Italie[\/vc_column_text][\/vc_column][\/vc_row]<\/p>\n<\/div>","protected":false},"excerpt":{"rendered":"<p>[vc_row][vc_column][vc_column_text]Short Rose Brod\u00e9 En Coton Supima Le mannequin mesure 175cm et porte une taille S &nbsp; Ce short sont est compos\u00e9 \u00e0 100% en coton pima, ce qui vous assure confort et qualit\u00e9. L&#8217;ourlet du short est orn\u00e9 de d\u00e9licats volants, et il y a&#8230;<\/p>\n","protected":false},"featured_media":16428,"template":"","meta":[],"product_brand":[],"product_cat":[439,431,369],"product_tag":[],"class_list":{"0":"post-17394","1":"product","2":"type-product","3":"status-publish","4":"has-post-thumbnail","6":"product_cat-essentiel-femme-tout-le-pret-a-porter","7":"product_cat-essentiel-femme-pantalons-shorts","8":"product_cat-femme-soldes","10":"first","11":"instock","12":"taxable","13":"shipping-taxable","14":"purchasable","15":"product-type-variable"},"etheme_brands":{"errors":{"invalid_taxonomy":["Taxonomie non valide."]},"error_data":[]},"_links":{"self":[{"href":"https:\/\/www.chambredefan.com\/fr\/wp-json\/wp\/v2\/product\/17394","targetHints":{"allow":["GET"]}}],"collection":[{"href":"https:\/\/www.chambredefan.com\/fr\/wp-json\/wp\/v2\/product"}],"about":[{"href":"https:\/\/www.chambredefan.com\/fr\/wp-json\/wp\/v2\/types\/product"}],"wp:featuredmedia":[{"embeddable":true,"href":"https:\/\/www.chambredefan.com\/fr\/wp-json\/wp\/v2\/media\/16428"}],"wp:attachment":[{"href":"https:\/\/www.chambredefan.com\/fr\/wp-json\/wp\/v2\/media?parent=17394"}],"wp:term":[{"taxonomy":"product_brand","embeddable":true,"href":"https:\/\/www.chambredefan.com\/fr\/wp-json\/wp\/v2\/product_brand?post=17394"},{"taxonomy":"product_cat","embeddable":true,"href":"https:\/\/www.chambredefan.com\/fr\/wp-json\/wp\/v2\/product_cat?post=17394"},{"taxonomy":"product_tag","embeddable":true,"href":"https:\/\/www.chambredefan.com\/fr\/wp-json\/wp\/v2\/product_tag?post=17394"}],"curies":[{"name":"wp","href":"https:\/\/api.w.org\/{rel}","templated":true}]}}

<div class="wpb-content-wrapper"><p>[vc_row][vc_column][vc_column_text]Short Rose Brodé En Coton Supima<br />
Le mannequin mesure 175cm et porte une taille S</p>
<p>&nbsp;</p>
<p style="text-align: justify;">Ce short sont est composé à 100% en coton pima, ce qui vous assure confort et qualité. L&#8217;ourlet du short est orné de délicats volants, et il y a une broderie de chaton à l&#8217;ourlet. La taille présente un effet de volant effiloché, vous procurant une sensation décontractée et ludique.</p>
<p>&nbsp;</p>
<p>Fabriqué en Italie[/vc_column_text][/vc_column][/vc_row]</p>
</div>

<p>[vc_row][vc_column][vc_column_text]Short Rose Brodé En Coton Supima Le mannequin mesure 175cm et porte une taille S &nbsp; Ce short sont est composé à 100% en coton pima, ce qui vous assure confort et qualité. L&#8217;ourlet du short est orné de délicats volants, et il y a&#8230;</p>
