{"id":17428,"date":"2023-05-17T17:55:44","date_gmt":"2023-05-17T16:55:44","guid":{"rendered":"https:\/\/www.chambredefan.com\/product\/short-siliene-s\/"},"modified":"2025-08-16T23:33:32","modified_gmt":"2025-08-16T21:33:32","slug":"short-siliene-s","status":"publish","type":"product","link":"https:\/\/www.chambredefan.com\/fr\/produit-fr\/short-siliene-s\/","title":{"rendered":"SHORT SILIENE.S"},"content":{"rendered":"<div class=\"wpb-content-wrapper\"><p>[vc_row][vc_column][vc_column_text]Short Ray\u00e9 Beige En Lin M\u00e9lang\u00e9 Soie<br \/>\nLe mannequin mesure 175cm et porte une taille S<\/p>\n<p>&nbsp;<\/p>\n<p style=\"text-align: justify;\">Ce short est faite de lin et de soie, procurant une sensation de libert\u00e9 et de confort. Les rayures verticales irr\u00e9guli\u00e8res ajoutent un look d\u00e9contract\u00e9 et confortable. C&#8217;est un article id\u00e9al pour votre \u00e9t\u00e9 insouciant.<\/p>\n<p>&nbsp;<\/p>\n<p>Fabriqu\u00e9 en Chine[\/vc_column_text][\/vc_column][\/vc_row]<\/p>\n<\/div>","protected":false},"excerpt":{"rendered":"<p>[vc_row][vc_column][vc_column_text]Short Ray\u00e9 Beige En Lin M\u00e9lang\u00e9 Soie Le mannequin mesure 175cm et porte une taille S &nbsp; Ce short est faite de lin et de soie, procurant une sensation de libert\u00e9 et de confort. Les rayures verticales irr\u00e9guli\u00e8res ajoutent un look d\u00e9contract\u00e9 et confortable. C&#8217;est&#8230;<\/p>\n","protected":false},"featured_media":16476,"template":"","meta":[],"product_brand":[],"product_cat":[439,431,369],"product_tag":[],"class_list":{"0":"post-17428","1":"product","2":"type-product","3":"status-publish","4":"has-post-thumbnail","6":"product_cat-essentiel-femme-tout-le-pret-a-porter","7":"product_cat-essentiel-femme-pantalons-shorts","8":"product_cat-femme-soldes","10":"first","11":"instock","12":"taxable","13":"shipping-taxable","14":"purchasable","15":"product-type-variable"},"etheme_brands":{"errors":{"invalid_taxonomy":["Taxonomie non valide."]},"error_data":[]},"_links":{"self":[{"href":"https:\/\/www.chambredefan.com\/fr\/wp-json\/wp\/v2\/product\/17428","targetHints":{"allow":["GET"]}}],"collection":[{"href":"https:\/\/www.chambredefan.com\/fr\/wp-json\/wp\/v2\/product"}],"about":[{"href":"https:\/\/www.chambredefan.com\/fr\/wp-json\/wp\/v2\/types\/product"}],"wp:featuredmedia":[{"embeddable":true,"href":"https:\/\/www.chambredefan.com\/fr\/wp-json\/wp\/v2\/media\/16476"}],"wp:attachment":[{"href":"https:\/\/www.chambredefan.com\/fr\/wp-json\/wp\/v2\/media?parent=17428"}],"wp:term":[{"taxonomy":"product_brand","embeddable":true,"href":"https:\/\/www.chambredefan.com\/fr\/wp-json\/wp\/v2\/product_brand?post=17428"},{"taxonomy":"product_cat","embeddable":true,"href":"https:\/\/www.chambredefan.com\/fr\/wp-json\/wp\/v2\/product_cat?post=17428"},{"taxonomy":"product_tag","embeddable":true,"href":"https:\/\/www.chambredefan.com\/fr\/wp-json\/wp\/v2\/product_tag?post=17428"}],"curies":[{"name":"wp","href":"https:\/\/api.w.org\/{rel}","templated":true}]}}

<div class="wpb-content-wrapper"><p>[vc_row][vc_column][vc_column_text]Short Rayé Beige En Lin Mélangé Soie<br />
Le mannequin mesure 175cm et porte une taille S</p>
<p>&nbsp;</p>
<p style="text-align: justify;">Ce short est faite de lin et de soie, procurant une sensation de liberté et de confort. Les rayures verticales irrégulières ajoutent un look décontracté et confortable. C&#8217;est un article idéal pour votre été insouciant.</p>
<p>&nbsp;</p>
<p>Fabriqué en Chine[/vc_column_text][/vc_column][/vc_row]</p>
</div>

<p>[vc_row][vc_column][vc_column_text]Short Rayé Beige En Lin Mélangé Soie Le mannequin mesure 175cm et porte une taille S &nbsp; Ce short est faite de lin et de soie, procurant une sensation de liberté et de confort. Les rayures verticales irrégulières ajoutent un look décontracté et confortable. C&#8217;est&#8230;</p>
