{"id":18775,"date":"2024-09-18T13:28:59","date_gmt":"2024-09-18T11:28:59","guid":{"rendered":"https:\/\/www.chambredefan.com\/product\/manteau-marron-bouclette-jacquard-en-alpaga-sans-manches-avec-ceinture\/"},"modified":"2025-08-16T23:37:50","modified_gmt":"2025-08-16T21:37:50","slug":"manteau-marron-bouclette-jacquard-en-alpaga-sans-manches-avec-ceinture","status":"publish","type":"product","link":"https:\/\/www.chambredefan.com\/fr\/produit-fr\/manteau-marron-bouclette-jacquard-en-alpaga-sans-manches-avec-ceinture\/","title":{"rendered":"MANTEAU MARRON BOUCLETTE JACQUARD EN ALPAGA SANS MANCHES AVEC CEINTURE"},"content":{"rendered":"<div class=\"wpb-content-wrapper\"><p>[vc_row][vc_column][vc_column_text css=&#8221;&#8221;]<\/p>\n<p>Manteau Marron Bouclette Jacquard En Alpaga Sans Manches Avec Ceinture<br \/>\nLe mannequin mesure 175cm et porte une taille S<\/p>\n<p>&nbsp;<\/p>\n<p style=\"text-align: justify;\">Ce manteau en jacquard est confectionn\u00e9 en laine vierge, alpaga et polyester pour leurs propri\u00e9t\u00e9s isolantes, avec une ceinture assortie. Deux poches plaqu\u00e9es.<\/p>\n<p>&nbsp;<\/p>\n<p>Maille \u00e9paisse<\/p>\n<p>&nbsp;<\/p>\n<p>Fabriqu\u00e9 en Italie<\/p>\n<p>[\/vc_column_text][\/vc_column][\/vc_row]<\/p>\n<\/div>","protected":false},"excerpt":{"rendered":"<p>[vc_row][vc_column][vc_column_text css=&#8221;&#8221;] Manteau Marron Bouclette Jacquard En Alpaga Sans Manches Avec Ceinture Le mannequin mesure 175cm et porte une taille S &nbsp; Ce manteau en jacquard est confectionn\u00e9 en laine vierge, alpaga et polyester pour leurs propri\u00e9t\u00e9s isolantes, avec une ceinture assortie. Deux poches plaqu\u00e9es&#8230;.<\/p>\n","protected":false},"featured_media":15447,"template":"","meta":[],"product_brand":[],"product_cat":[378,196,369],"product_tag":[],"class_list":{"0":"post-18775","1":"product","2":"type-product","3":"status-publish","4":"has-post-thumbnail","6":"product_cat-femme-tout-le-pret-a-porter","7":"product_cat-femme-manteaux-vestes","8":"product_cat-femme-soldes","10":"first","11":"instock","12":"taxable","13":"shipping-taxable","14":"purchasable","15":"product-type-variable"},"etheme_brands":{"errors":{"invalid_taxonomy":["Taxonomie non valide."]},"error_data":[]},"_links":{"self":[{"href":"https:\/\/www.chambredefan.com\/fr\/wp-json\/wp\/v2\/product\/18775","targetHints":{"allow":["GET"]}}],"collection":[{"href":"https:\/\/www.chambredefan.com\/fr\/wp-json\/wp\/v2\/product"}],"about":[{"href":"https:\/\/www.chambredefan.com\/fr\/wp-json\/wp\/v2\/types\/product"}],"wp:featuredmedia":[{"embeddable":true,"href":"https:\/\/www.chambredefan.com\/fr\/wp-json\/wp\/v2\/media\/15447"}],"wp:attachment":[{"href":"https:\/\/www.chambredefan.com\/fr\/wp-json\/wp\/v2\/media?parent=18775"}],"wp:term":[{"taxonomy":"product_brand","embeddable":true,"href":"https:\/\/www.chambredefan.com\/fr\/wp-json\/wp\/v2\/product_brand?post=18775"},{"taxonomy":"product_cat","embeddable":true,"href":"https:\/\/www.chambredefan.com\/fr\/wp-json\/wp\/v2\/product_cat?post=18775"},{"taxonomy":"product_tag","embeddable":true,"href":"https:\/\/www.chambredefan.com\/fr\/wp-json\/wp\/v2\/product_tag?post=18775"}],"curies":[{"name":"wp","href":"https:\/\/api.w.org\/{rel}","templated":true}]}}

<div class="wpb-content-wrapper"><p>[vc_row][vc_column][vc_column_text css=&#8221;&#8221;]</p>
<p>Manteau Marron Bouclette Jacquard En Alpaga Sans Manches Avec Ceinture<br />
Le mannequin mesure 175cm et porte une taille S</p>
<p>&nbsp;</p>
<p style="text-align: justify;">Ce manteau en jacquard est confectionné en laine vierge, alpaga et polyester pour leurs propriétés isolantes, avec une ceinture assortie. Deux poches plaquées.</p>
<p>&nbsp;</p>
<p>Maille épaisse</p>
<p>&nbsp;</p>
<p>Fabriqué en Italie</p>
<p>[/vc_column_text][/vc_column][/vc_row]</p>
</div>

<p>[vc_row][vc_column][vc_column_text css=&#8221;&#8221;] Manteau Marron Bouclette Jacquard En Alpaga Sans Manches Avec Ceinture Le mannequin mesure 175cm et porte une taille S &nbsp; Ce manteau en jacquard est confectionné en laine vierge, alpaga et polyester pour leurs propriétés isolantes, avec une ceinture assortie. Deux poches plaquées&#8230;.</p>
