{"id":18787,"date":"2024-09-18T20:57:46","date_gmt":"2024-09-18T18:57:46","guid":{"rendered":"https:\/\/www.chambredefan.com\/product\/bonnet-beige-bouclette-jacquard-en-alpaga\/"},"modified":"2025-08-16T23:41:47","modified_gmt":"2025-08-16T21:41:47","slug":"bonnet-beige-bouclette-jacquard-en-alpaga","status":"publish","type":"product","link":"https:\/\/www.chambredefan.com\/fr\/produit-fr\/bonnet-beige-bouclette-jacquard-en-alpaga\/","title":{"rendered":"BONNET BEIGE BOUCLETTE JACQUARD EN ALPAGA"},"content":{"rendered":"<div class=\"wpb-content-wrapper\"><p>[vc_row][vc_column][vc_column_text css=&#8221;&#8221;]<\/p>\n<p>Bonnet Beige Bouclette Jacquard En Alpaga<br \/>\nLe mannequin mesure 175cm et porte une taille S<\/p>\n<p>&nbsp;<\/p>\n<p style=\"text-align: justify;\">Ce bonnet en jacquard est confectionn\u00e9 en laine vierge, alpaga et polyester pour leurs propri\u00e9t\u00e9s isolantes. La combinaison parfaite de chaleur, de confort et de mode.<\/p>\n<p>&nbsp;<\/p>\n<p>Maille \u00e9paisse<\/p>\n<p>&nbsp;<\/p>\n<p>Fabriqu\u00e9 en Italie<\/p>\n<p>[\/vc_column_text][\/vc_column][\/vc_row]<\/p>\n<\/div>","protected":false},"excerpt":{"rendered":"<p>[vc_row][vc_column][vc_column_text css=&#8221;&#8221;] Bonnet Beige Bouclette Jacquard En Alpaga Le mannequin mesure 175cm et porte une taille S &nbsp; Ce bonnet en jacquard est confectionn\u00e9 en laine vierge, alpaga et polyester pour leurs propri\u00e9t\u00e9s isolantes. La combinaison parfaite de chaleur, de confort et de mode. &nbsp;&#8230;<\/p>\n","protected":false},"featured_media":15441,"template":"","meta":[],"product_brand":[],"product_cat":[114,375,369],"product_tag":[],"class_list":{"0":"post-18787","1":"product","2":"type-product","3":"status-publish","4":"has-post-thumbnail","6":"product_cat-tous-les-accessoires","7":"product_cat-chapeaux-bonnets","8":"product_cat-femme-soldes","10":"first","11":"instock","12":"taxable","13":"shipping-taxable","14":"purchasable","15":"product-type-variable"},"etheme_brands":{"errors":{"invalid_taxonomy":["Taxonomie non valide."]},"error_data":[]},"_links":{"self":[{"href":"https:\/\/www.chambredefan.com\/fr\/wp-json\/wp\/v2\/product\/18787","targetHints":{"allow":["GET"]}}],"collection":[{"href":"https:\/\/www.chambredefan.com\/fr\/wp-json\/wp\/v2\/product"}],"about":[{"href":"https:\/\/www.chambredefan.com\/fr\/wp-json\/wp\/v2\/types\/product"}],"wp:featuredmedia":[{"embeddable":true,"href":"https:\/\/www.chambredefan.com\/fr\/wp-json\/wp\/v2\/media\/15441"}],"wp:attachment":[{"href":"https:\/\/www.chambredefan.com\/fr\/wp-json\/wp\/v2\/media?parent=18787"}],"wp:term":[{"taxonomy":"product_brand","embeddable":true,"href":"https:\/\/www.chambredefan.com\/fr\/wp-json\/wp\/v2\/product_brand?post=18787"},{"taxonomy":"product_cat","embeddable":true,"href":"https:\/\/www.chambredefan.com\/fr\/wp-json\/wp\/v2\/product_cat?post=18787"},{"taxonomy":"product_tag","embeddable":true,"href":"https:\/\/www.chambredefan.com\/fr\/wp-json\/wp\/v2\/product_tag?post=18787"}],"curies":[{"name":"wp","href":"https:\/\/api.w.org\/{rel}","templated":true}]}}

<div class="wpb-content-wrapper"><p>[vc_row][vc_column][vc_column_text css=&#8221;&#8221;]</p>
<p>Bonnet Beige Bouclette Jacquard En Alpaga<br />
Le mannequin mesure 175cm et porte une taille S</p>
<p>&nbsp;</p>
<p style="text-align: justify;">Ce bonnet en jacquard est confectionné en laine vierge, alpaga et polyester pour leurs propriétés isolantes. La combinaison parfaite de chaleur, de confort et de mode.</p>
<p>&nbsp;</p>
<p>Maille épaisse</p>
<p>&nbsp;</p>
<p>Fabriqué en Italie</p>
<p>[/vc_column_text][/vc_column][/vc_row]</p>
</div>

<p>[vc_row][vc_column][vc_column_text css=&#8221;&#8221;] Bonnet Beige Bouclette Jacquard En Alpaga Le mannequin mesure 175cm et porte une taille S &nbsp; Ce bonnet en jacquard est confectionné en laine vierge, alpaga et polyester pour leurs propriétés isolantes. La combinaison parfaite de chaleur, de confort et de mode. &nbsp;&#8230;</p>
