{"id":19555,"date":"2024-12-09T23:30:41","date_gmt":"2024-12-09T21:30:41","guid":{"rendered":"https:\/\/www.chambredefan.com\/product\/bonnet-nori-niodelle-h\/"},"modified":"2025-08-16T23:49:56","modified_gmt":"2025-08-16T21:49:56","slug":"bonnet-nori-niodelle-h","status":"publish","type":"product","link":"https:\/\/www.chambredefan.com\/fr\/produit-fr\/bonnet-nori-niodelle-h\/","title":{"rendered":"BONNET NORI-NIODELLE.H"},"content":{"rendered":"<div class=\"wpb-content-wrapper\"><p>[vc_row][vc_column][vc_column_text css=&#8221;&#8221;]<\/p>\n<p>Bonnet Beige Avec Oiseau Brod\u00e9 \u00c0 La Main<br \/>\nLe mannequin mesure 178cm et porte une taille S<\/p>\n<p>&nbsp;<\/p>\n<p style=\"text-align: justify;\">Ce bonnet beige douillet est confectionn\u00e9 en laine m\u00e9rinos extrafine et en laine, avec un charmant motif d&#8217;oiseau rouge brod\u00e9 \u00e0 la main. Doux, chaud et \u00e9l\u00e9gant, il est parfait pour ajouter une touche ludique \u00e0 votre garde-robe d&#8217;hiver.<\/p>\n<p>&nbsp;<\/p>\n<p>Fabriqu\u00e9 en Chine<\/p>\n<p>[\/vc_column_text][\/vc_column][\/vc_row]<\/p>\n<\/div>","protected":false},"excerpt":{"rendered":"<p>[vc_row][vc_column][vc_column_text css=&#8221;&#8221;] Bonnet Beige Avec Oiseau Brod\u00e9 \u00c0 La Main Le mannequin mesure 178cm et porte une taille S &nbsp; Ce bonnet beige douillet est confectionn\u00e9 en laine m\u00e9rinos extrafine et en laine, avec un charmant motif d&#8217;oiseau rouge brod\u00e9 \u00e0 la main. Doux, chaud&#8230;<\/p>\n","protected":false},"featured_media":19348,"template":"","meta":[],"product_brand":[],"product_cat":[114,375,369],"product_tag":[],"class_list":{"0":"post-19555","1":"product","2":"type-product","3":"status-publish","4":"has-post-thumbnail","6":"product_cat-tous-les-accessoires","7":"product_cat-chapeaux-bonnets","8":"product_cat-femme-soldes","10":"first","11":"instock","12":"taxable","13":"shipping-taxable","14":"purchasable","15":"product-type-variable"},"etheme_brands":{"errors":{"invalid_taxonomy":["Taxonomie non valide."]},"error_data":[]},"_links":{"self":[{"href":"https:\/\/www.chambredefan.com\/fr\/wp-json\/wp\/v2\/product\/19555","targetHints":{"allow":["GET"]}}],"collection":[{"href":"https:\/\/www.chambredefan.com\/fr\/wp-json\/wp\/v2\/product"}],"about":[{"href":"https:\/\/www.chambredefan.com\/fr\/wp-json\/wp\/v2\/types\/product"}],"wp:featuredmedia":[{"embeddable":true,"href":"https:\/\/www.chambredefan.com\/fr\/wp-json\/wp\/v2\/media\/19348"}],"wp:attachment":[{"href":"https:\/\/www.chambredefan.com\/fr\/wp-json\/wp\/v2\/media?parent=19555"}],"wp:term":[{"taxonomy":"product_brand","embeddable":true,"href":"https:\/\/www.chambredefan.com\/fr\/wp-json\/wp\/v2\/product_brand?post=19555"},{"taxonomy":"product_cat","embeddable":true,"href":"https:\/\/www.chambredefan.com\/fr\/wp-json\/wp\/v2\/product_cat?post=19555"},{"taxonomy":"product_tag","embeddable":true,"href":"https:\/\/www.chambredefan.com\/fr\/wp-json\/wp\/v2\/product_tag?post=19555"}],"curies":[{"name":"wp","href":"https:\/\/api.w.org\/{rel}","templated":true}]}}

<div class="wpb-content-wrapper"><p>[vc_row][vc_column][vc_column_text css=&#8221;&#8221;]</p>
<p>Bonnet Beige Avec Oiseau Brodé À La Main<br />
Le mannequin mesure 178cm et porte une taille S</p>
<p>&nbsp;</p>
<p style="text-align: justify;">Ce bonnet beige douillet est confectionné en laine mérinos extrafine et en laine, avec un charmant motif d&#8217;oiseau rouge brodé à la main. Doux, chaud et élégant, il est parfait pour ajouter une touche ludique à votre garde-robe d&#8217;hiver.</p>
<p>&nbsp;</p>
<p>Fabriqué en Chine</p>
<p>[/vc_column_text][/vc_column][/vc_row]</p>
</div>

<p>[vc_row][vc_column][vc_column_text css=&#8221;&#8221;] Bonnet Beige Avec Oiseau Brodé À La Main Le mannequin mesure 178cm et porte une taille S &nbsp; Ce bonnet beige douillet est confectionné en laine mérinos extrafine et en laine, avec un charmant motif d&#8217;oiseau rouge brodé à la main. Doux, chaud&#8230;</p>
