{"id":19567,"date":"2024-12-10T00:07:02","date_gmt":"2024-12-09T22:07:02","guid":{"rendered":"https:\/\/www.chambredefan.com\/product\/bonnet-nori\/"},"modified":"2025-08-17T00:07:25","modified_gmt":"2025-08-16T22:07:25","slug":"bonnet-nori","status":"publish","type":"product","link":"https:\/\/www.chambredefan.com\/fr\/produit-fr\/bonnet-nori\/","title":{"rendered":"BONNET NORI"},"content":{"rendered":"<div class=\"wpb-content-wrapper\"><p>[vc_row][vc_column][vc_column_text css=&#8221;&#8221;]<\/p>\n<p>Bonnet Rouge En Kid Mohair<br \/>\nLe mannequin mesure 178cm et porte une taille S<\/p>\n<p>&nbsp;<\/p>\n<p style=\"text-align: justify;\">Ce bonnet rouge vif est confectionn\u00e9 en 100 % kid mohair, offrant une douceur et une chaleur luxueuses. Son design textur\u00e9 et sa couleur audacieuse en font un accessoire remarquable pour les journ\u00e9es froides.<\/p>\n<p>&nbsp;<\/p>\n<p>Fabriqu\u00e9 en Chine<\/p>\n<p>[\/vc_column_text][\/vc_column][\/vc_row]<\/p>\n<\/div>","protected":false},"excerpt":{"rendered":"<p>[vc_row][vc_column][vc_column_text css=&#8221;&#8221;] Bonnet Rouge En Kid Mohair Le mannequin mesure 178cm et porte une taille S &nbsp; Ce bonnet rouge vif est confectionn\u00e9 en 100 % kid mohair, offrant une douceur et une chaleur luxueuses. Son design textur\u00e9 et sa couleur audacieuse en font un&#8230;<\/p>\n","protected":false},"featured_media":19339,"template":"","meta":[],"product_brand":[],"product_cat":[369,114,375],"product_tag":[],"class_list":{"0":"post-19567","1":"product","2":"type-product","3":"status-publish","4":"has-post-thumbnail","6":"product_cat-femme-soldes","7":"product_cat-tous-les-accessoires","8":"product_cat-chapeaux-bonnets","10":"first","11":"instock","12":"taxable","13":"shipping-taxable","14":"purchasable","15":"product-type-variable"},"etheme_brands":{"errors":{"invalid_taxonomy":["Taxonomie non valide."]},"error_data":[]},"_links":{"self":[{"href":"https:\/\/www.chambredefan.com\/fr\/wp-json\/wp\/v2\/product\/19567","targetHints":{"allow":["GET"]}}],"collection":[{"href":"https:\/\/www.chambredefan.com\/fr\/wp-json\/wp\/v2\/product"}],"about":[{"href":"https:\/\/www.chambredefan.com\/fr\/wp-json\/wp\/v2\/types\/product"}],"wp:featuredmedia":[{"embeddable":true,"href":"https:\/\/www.chambredefan.com\/fr\/wp-json\/wp\/v2\/media\/19339"}],"wp:attachment":[{"href":"https:\/\/www.chambredefan.com\/fr\/wp-json\/wp\/v2\/media?parent=19567"}],"wp:term":[{"taxonomy":"product_brand","embeddable":true,"href":"https:\/\/www.chambredefan.com\/fr\/wp-json\/wp\/v2\/product_brand?post=19567"},{"taxonomy":"product_cat","embeddable":true,"href":"https:\/\/www.chambredefan.com\/fr\/wp-json\/wp\/v2\/product_cat?post=19567"},{"taxonomy":"product_tag","embeddable":true,"href":"https:\/\/www.chambredefan.com\/fr\/wp-json\/wp\/v2\/product_tag?post=19567"}],"curies":[{"name":"wp","href":"https:\/\/api.w.org\/{rel}","templated":true}]}}

<div class="wpb-content-wrapper"><p>[vc_row][vc_column][vc_column_text css=&#8221;&#8221;]</p>
<p>Bonnet Rouge En Kid Mohair<br />
Le mannequin mesure 178cm et porte une taille S</p>
<p>&nbsp;</p>
<p style="text-align: justify;">Ce bonnet rouge vif est confectionné en 100 % kid mohair, offrant une douceur et une chaleur luxueuses. Son design texturé et sa couleur audacieuse en font un accessoire remarquable pour les journées froides.</p>
<p>&nbsp;</p>
<p>Fabriqué en Chine</p>
<p>[/vc_column_text][/vc_column][/vc_row]</p>
</div>

<p>[vc_row][vc_column][vc_column_text css=&#8221;&#8221;] Bonnet Rouge En Kid Mohair Le mannequin mesure 178cm et porte une taille S &nbsp; Ce bonnet rouge vif est confectionné en 100 % kid mohair, offrant une douceur et une chaleur luxueuses. Son design texturé et sa couleur audacieuse en font un&#8230;</p>
