{"id":20017,"date":"2025-03-13T23:06:35","date_gmt":"2025-03-13T21:06:35","guid":{"rendered":"https:\/\/www.chambredefan.com\/product\/debardeur-niodelle-mitimo-t\/"},"modified":"2025-08-16T23:59:57","modified_gmt":"2025-08-16T21:59:57","slug":"debardeur-niodelle-mitimo-t","status":"publish","type":"product","link":"https:\/\/www.chambredefan.com\/fr\/produit-fr\/debardeur-niodelle-mitimo-t\/","title":{"rendered":"D\u00c9BARDEUR NIODELLE-MITIMO.T"},"content":{"rendered":"<div class=\"wpb-content-wrapper\"><p>[vc_row][vc_column css=&#8221;.vc_custom_1741899449327{margin-bottom: 35px !important;}&#8221; _et_uniqid=&#8221;et_custom_uniqid_new_67d346b246380&#8243;][vc_column_text css=&#8221;&#8221;]<\/p>\n<p style=\"text-align: justify; margin-bottom: 25px;\">D\u00e9bardeur C\u00f4tel\u00e9 Blanc Avec Broderie<\/p>\n<p style=\"text-align: justify; margin-bottom: 25px;\">Le mannequin mesure 175cm et porte une taille S<\/p>\n<ul style=\"list-style-type: disc; margin-bottom: 25px !important;\">\n<li style=\"text-align: justify; font-size: 14px; line-height: 20px; margin-bottom: 0px;\">Coupe ajust\u00e9e<\/li>\n<li style=\"text-align: justify; font-size: 14px; line-height: 20px; margin-bottom: 0px;\">Col rond<\/li>\n<li style=\"text-align: justify; font-size: 14px; line-height: 20px; margin-bottom: 0px;\">Sans manches<\/li>\n<li style=\"text-align: justify; font-size: 14px; line-height: 20px; margin-bottom: 0px;\">Col, emmanchures et ourlet c\u00f4tel\u00e9s<\/li>\n<li style=\"text-align: justify; font-size: 14px; line-height: 20px; margin-bottom: 0px;\">Ornement de broderies au dos<\/li>\n<li style=\"text-align: justify; font-size: 14px; line-height: 20px; margin-bottom: 0px;\">Maille fine<\/li>\n<li style=\"text-align: justify; font-size: 14px; line-height: 20px; margin-bottom: 0px;\">100% coton pima<\/li>\n<li style=\"text-align: justify; font-size: 14px; line-height: 20px; margin-bottom: 0px;\">Fabriqu\u00e9 en Italie<\/li>\n<\/ul>\n<p style=\"text-align: justify;\">Certifications de mode \u00e9thique :<\/p>\n<p><img loading=\"lazy\" decoding=\"async\" class=\" wp-image-19940 alignleft\" style=\"margin: 0px 0px 0px 0px !important;\" src=\"https:\/\/www.chambredefan.com\/wp-content\/uploads\/2025\/03\/oeko-tex.png\" alt=\"Oeko-Tex\" width=\"50\" height=\"50\" title=\"\" srcset=\"https:\/\/www.chambredefan.com\/wp-content\/uploads\/2025\/03\/oeko-tex.png 768w, https:\/\/www.chambredefan.com\/wp-content\/uploads\/2025\/03\/oeko-tex-705x705.png 705w, https:\/\/www.chambredefan.com\/wp-content\/uploads\/2025\/03\/oeko-tex-100x100.png 100w, https:\/\/www.chambredefan.com\/wp-content\/uploads\/2025\/03\/oeko-tex-600x600.png 600w, https:\/\/www.chambredefan.com\/wp-content\/uploads\/2025\/03\/oeko-tex-10x10.png 10w\" sizes=\"auto, (max-width: 50px) 100vw, 50px\" \/><\/p>\n<p>[\/vc_column_text][\/vc_column][\/vc_row]<\/p>\n<\/div>","protected":false},"excerpt":{"rendered":"<p>[vc_row][vc_column css=&#8221;.vc_custom_1741899449327{margin-bottom: 35px !important;}&#8221; _et_uniqid=&#8221;et_custom_uniqid_new_67d346b246380&#8243;][vc_column_text css=&#8221;&#8221;] D\u00e9bardeur C\u00f4tel\u00e9 Blanc Avec Broderie Le mannequin mesure 175cm et porte une taille S Coupe ajust\u00e9e Col rond Sans manches Col, emmanchures et ourlet c\u00f4tel\u00e9s Ornement de broderies au dos Maille fine 100% coton pima Fabriqu\u00e9 en Italie Certifications&#8230;<\/p>\n","protected":false},"featured_media":19787,"template":"","meta":[],"product_brand":[],"product_cat":[460,123,423],"product_tag":[],"class_list":{"0":"post-20017","1":"product","2":"type-product","3":"status-publish","4":"has-post-thumbnail","6":"product_cat-toutes-les-femmes-nouveautes","7":"product_cat-femme-nouveautes","8":"product_cat-femme-made-to-order","10":"first","11":"instock","12":"taxable","13":"shipping-taxable","14":"purchasable","15":"product-type-variable"},"etheme_brands":{"errors":{"invalid_taxonomy":["Taxonomie non valide."]},"error_data":[]},"_links":{"self":[{"href":"https:\/\/www.chambredefan.com\/fr\/wp-json\/wp\/v2\/product\/20017","targetHints":{"allow":["GET"]}}],"collection":[{"href":"https:\/\/www.chambredefan.com\/fr\/wp-json\/wp\/v2\/product"}],"about":[{"href":"https:\/\/www.chambredefan.com\/fr\/wp-json\/wp\/v2\/types\/product"}],"wp:featuredmedia":[{"embeddable":true,"href":"https:\/\/www.chambredefan.com\/fr\/wp-json\/wp\/v2\/media\/19787"}],"wp:attachment":[{"href":"https:\/\/www.chambredefan.com\/fr\/wp-json\/wp\/v2\/media?parent=20017"}],"wp:term":[{"taxonomy":"product_brand","embeddable":true,"href":"https:\/\/www.chambredefan.com\/fr\/wp-json\/wp\/v2\/product_brand?post=20017"},{"taxonomy":"product_cat","embeddable":true,"href":"https:\/\/www.chambredefan.com\/fr\/wp-json\/wp\/v2\/product_cat?post=20017"},{"taxonomy":"product_tag","embeddable":true,"href":"https:\/\/www.chambredefan.com\/fr\/wp-json\/wp\/v2\/product_tag?post=20017"}],"curies":[{"name":"wp","href":"https:\/\/api.w.org\/{rel}","templated":true}]}}

DÉBARDEUR NIODELLE-MITIMO.T

<div class="wpb-content-wrapper"><p>[vc_row][vc_column css=&#8221;.vc_custom_1741899449327{margin-bottom: 35px !important;}&#8221; _et_uniqid=&#8221;et_custom_uniqid_new_67d346b246380&#8243;][vc_column_text css=&#8221;&#8221;]</p>
<p style="text-align: justify; margin-bottom: 25px;">Débardeur Côtelé Blanc Avec Broderie</p>
<p style="text-align: justify; margin-bottom: 25px;">Le mannequin mesure 175cm et porte une taille S</p>
<ul style="list-style-type: disc; margin-bottom: 25px !important;">
<li style="text-align: justify; font-size: 14px; line-height: 20px; margin-bottom: 0px;">Coupe ajustée</li>
<li style="text-align: justify; font-size: 14px; line-height: 20px; margin-bottom: 0px;">Col rond</li>
<li style="text-align: justify; font-size: 14px; line-height: 20px; margin-bottom: 0px;">Sans manches</li>
<li style="text-align: justify; font-size: 14px; line-height: 20px; margin-bottom: 0px;">Col, emmanchures et ourlet côtelés</li>
<li style="text-align: justify; font-size: 14px; line-height: 20px; margin-bottom: 0px;">Ornement de broderies au dos</li>
<li style="text-align: justify; font-size: 14px; line-height: 20px; margin-bottom: 0px;">Maille fine</li>
<li style="text-align: justify; font-size: 14px; line-height: 20px; margin-bottom: 0px;">100% coton pima</li>
<li style="text-align: justify; font-size: 14px; line-height: 20px; margin-bottom: 0px;">Fabriqué en Italie</li>
</ul>
<p style="text-align: justify;">Certifications de mode éthique :</p>
<p><img loading="lazy" decoding="async" class=" wp-image-19940 alignleft" style="margin: 0px 0px 0px 0px !important;" src="https://www.chambredefan.com/wp-content/uploads/2025/03/oeko-tex.png" alt="Oeko-Tex" width="50" height="50" title="" srcset="https://www.chambredefan.com/wp-content/uploads/2025/03/oeko-tex.png 768w, https://www.chambredefan.com/wp-content/uploads/2025/03/oeko-tex-705x705.png 705w, https://www.chambredefan.com/wp-content/uploads/2025/03/oeko-tex-100x100.png 100w, https://www.chambredefan.com/wp-content/uploads/2025/03/oeko-tex-600x600.png 600w, https://www.chambredefan.com/wp-content/uploads/2025/03/oeko-tex-10x10.png 10w" sizes="auto, (max-width: 50px) 100vw, 50px" /></p>
<p>[/vc_column_text][/vc_column][/vc_row]</p>
</div>

<p>[vc_row][vc_column css=&#8221;.vc_custom_1741899449327{margin-bottom: 35px !important;}&#8221; _et_uniqid=&#8221;et_custom_uniqid_new_67d346b246380&#8243;][vc_column_text css=&#8221;&#8221;] Débardeur Côtelé Blanc Avec Broderie Le mannequin mesure 175cm et porte une taille S Coupe ajustée Col rond Sans manches Col, emmanchures et ourlet côtelés Ornement de broderies au dos Maille fine 100% coton pima Fabriqué en Italie Certifications&#8230;</p>
