{"id":9216,"date":"2021-02-02T21:14:37","date_gmt":"2021-02-02T20:14:37","guid":{"rendered":"https:\/\/www.chambredefan.com\/product\/jupe-fendue-ombre-brulee-a-poches-en-laine-bouillie\/"},"modified":"2025-08-16T22:00:19","modified_gmt":"2025-08-16T20:00:19","slug":"jupe-fendue-ombre-brulee-a-poches-en-laine-bouillie","status":"publish","type":"product","link":"https:\/\/www.chambredefan.com\/fr\/produit-fr\/jupe-fendue-ombre-brulee-a-poches-en-laine-bouillie\/","title":{"rendered":"JUPE FENDUE OMBRE BR\u00dbL\u00c9E \u00c0 POCHES EN LAINE BOUILLIE"},"content":{"rendered":"<div class=\"wpb-content-wrapper\"><p>[vc_row][vc_column][vc_column_text]<\/p>\n<p>Jupe Fendue Ombre Br\u00fbl\u00e9e \u00c0 Poches En Laine Bouillie<br \/>\nLe mannequin mesure 174cm et porte une taille S<\/p>\n<p>[\/vc_column_text][\/vc_column][\/vc_row]<\/p>\n<\/div>","protected":false},"excerpt":{"rendered":"<p>[vc_row][vc_column][vc_column_text] Jupe Fendue Ombre Br\u00fbl\u00e9e \u00c0 Poches En Laine Bouillie Le mannequin mesure 174cm et porte une taille S [\/vc_column_text][\/vc_column][\/vc_row]<\/p>\n","protected":false},"featured_media":9112,"template":"","meta":[],"product_brand":[],"product_cat":[439,433,369],"product_tag":[],"class_list":{"0":"post-9216","1":"product","2":"type-product","3":"status-publish","4":"has-post-thumbnail","6":"product_cat-essentiel-femme-tout-le-pret-a-porter","7":"product_cat-essentiel-femme-jupes","8":"product_cat-femme-soldes","10":"first","11":"instock","12":"taxable","13":"shipping-taxable","14":"purchasable","15":"product-type-variable"},"etheme_brands":{"errors":{"invalid_taxonomy":["Taxonomie non valide."]},"error_data":[]},"_links":{"self":[{"href":"https:\/\/www.chambredefan.com\/fr\/wp-json\/wp\/v2\/product\/9216","targetHints":{"allow":["GET"]}}],"collection":[{"href":"https:\/\/www.chambredefan.com\/fr\/wp-json\/wp\/v2\/product"}],"about":[{"href":"https:\/\/www.chambredefan.com\/fr\/wp-json\/wp\/v2\/types\/product"}],"wp:featuredmedia":[{"embeddable":true,"href":"https:\/\/www.chambredefan.com\/fr\/wp-json\/wp\/v2\/media\/9112"}],"wp:attachment":[{"href":"https:\/\/www.chambredefan.com\/fr\/wp-json\/wp\/v2\/media?parent=9216"}],"wp:term":[{"taxonomy":"product_brand","embeddable":true,"href":"https:\/\/www.chambredefan.com\/fr\/wp-json\/wp\/v2\/product_brand?post=9216"},{"taxonomy":"product_cat","embeddable":true,"href":"https:\/\/www.chambredefan.com\/fr\/wp-json\/wp\/v2\/product_cat?post=9216"},{"taxonomy":"product_tag","embeddable":true,"href":"https:\/\/www.chambredefan.com\/fr\/wp-json\/wp\/v2\/product_tag?post=9216"}],"curies":[{"name":"wp","href":"https:\/\/api.w.org\/{rel}","templated":true}]}}

JUPE FENDUE OMBRE BRÛLÉE À POCHES EN LAINE BOUILLIE

<div class="wpb-content-wrapper"><p>[vc_row][vc_column][vc_column_text]</p>
<p>Jupe Fendue Ombre Brûlée À Poches En Laine Bouillie<br />
Le mannequin mesure 174cm et porte une taille S</p>
<p>[/vc_column_text][/vc_column][/vc_row]</p>
</div>

<p>[vc_row][vc_column][vc_column_text] Jupe Fendue Ombre Brûlée À Poches En Laine Bouillie Le mannequin mesure 174cm et porte une taille S [/vc_column_text][/vc_column][/vc_row]</p>
