{"id":9901,"date":"2021-09-11T18:54:43","date_gmt":"2021-09-11T17:54:43","guid":{"rendered":"https:\/\/www.chambredefan.com\/product\/pull-ivoire-en-bebe-alpaga-melange-bouclette-a-ornements\/"},"modified":"2025-08-16T22:02:12","modified_gmt":"2025-08-16T20:02:12","slug":"pull-ivoire-en-bebe-alpaga-melange-bouclette-a-ornements","status":"publish","type":"product","link":"https:\/\/www.chambredefan.com\/fr\/produit-fr\/pull-ivoire-en-bebe-alpaga-melange-bouclette-a-ornements\/","title":{"rendered":"PULL IVOIRE EN B\u00c9B\u00c9 ALPAGA M\u00c9LANG\u00c9 BOUCLETTE \u00c0 ORNEMENTS"},"content":{"rendered":"<div class=\"wpb-content-wrapper\"><p>[vc_row][vc_column][vc_column_text]<\/p>\n<p>Pull Ivoire En B\u00e9b\u00e9 Alpaga M\u00e9lang\u00e9 Bouclette \u00c0 Ornements<br \/>\nLe mannequin mesure 174cm et porte une taille S<\/p>\n<p>[\/vc_column_text][\/vc_column][\/vc_row]<\/p>\n<\/div>","protected":false},"excerpt":{"rendered":"<p>[vc_row][vc_column][vc_column_text] Pull Ivoire En B\u00e9b\u00e9 Alpaga M\u00e9lang\u00e9 Bouclette \u00c0 Ornements Le mannequin mesure 174cm et porte une taille S [\/vc_column_text][\/vc_column][\/vc_row]<\/p>\n","protected":false},"featured_media":9888,"template":"","meta":[],"product_brand":[],"product_cat":[439,435,369],"product_tag":[],"class_list":{"0":"post-9901","1":"product","2":"type-product","3":"status-publish","4":"has-post-thumbnail","6":"product_cat-essentiel-femme-tout-le-pret-a-porter","7":"product_cat-essentiel-femme-pulls-cardigans","8":"product_cat-femme-soldes","10":"first","11":"instock","12":"taxable","13":"shipping-taxable","14":"purchasable","15":"product-type-variable","16":"has-default-attributes"},"etheme_brands":{"errors":{"invalid_taxonomy":["Taxonomie non valide."]},"error_data":[]},"_links":{"self":[{"href":"https:\/\/www.chambredefan.com\/fr\/wp-json\/wp\/v2\/product\/9901","targetHints":{"allow":["GET"]}}],"collection":[{"href":"https:\/\/www.chambredefan.com\/fr\/wp-json\/wp\/v2\/product"}],"about":[{"href":"https:\/\/www.chambredefan.com\/fr\/wp-json\/wp\/v2\/types\/product"}],"wp:featuredmedia":[{"embeddable":true,"href":"https:\/\/www.chambredefan.com\/fr\/wp-json\/wp\/v2\/media\/9888"}],"wp:attachment":[{"href":"https:\/\/www.chambredefan.com\/fr\/wp-json\/wp\/v2\/media?parent=9901"}],"wp:term":[{"taxonomy":"product_brand","embeddable":true,"href":"https:\/\/www.chambredefan.com\/fr\/wp-json\/wp\/v2\/product_brand?post=9901"},{"taxonomy":"product_cat","embeddable":true,"href":"https:\/\/www.chambredefan.com\/fr\/wp-json\/wp\/v2\/product_cat?post=9901"},{"taxonomy":"product_tag","embeddable":true,"href":"https:\/\/www.chambredefan.com\/fr\/wp-json\/wp\/v2\/product_tag?post=9901"}],"curies":[{"name":"wp","href":"https:\/\/api.w.org\/{rel}","templated":true}]}}

PULL IVOIRE EN BÉBÉ ALPAGA MÉLANGÉ BOUCLETTE À ORNEMENTS

<div class="wpb-content-wrapper"><p>[vc_row][vc_column][vc_column_text]</p>
<p>Pull Ivoire En Bébé Alpaga Mélangé Bouclette À Ornements<br />
Le mannequin mesure 174cm et porte une taille S</p>
<p>[/vc_column_text][/vc_column][/vc_row]</p>
</div>

<p>[vc_row][vc_column][vc_column_text] Pull Ivoire En Bébé Alpaga Mélangé Bouclette À Ornements Le mannequin mesure 174cm et porte une taille S [/vc_column_text][/vc_column][/vc_row]</p>
